tors of 9527268?
2, 3, 793939
List the prime factors of 9616839.
3, 107, 29959
List the prime factors of 35767726.
2, 167, 107089
List the prime factors of 504117.
3, 18671
List the prime factors of 431689.
41, 10529
List the prime factors of 211197.
3, 7, 89, 113
What are the prime factors of 1612463?
1612463
List the prime factors of 1814264.
2, 226783
List the prime factors of 1480477.
967, 1531
List the prime factors of 130713.
3, 11, 17, 233
What are the prime factors of 5266497?
3, 31, 56629
List the prime factors of 2354186.
2, 1177093
What are the prime factors of 19885544?
2, 7, 355099
List the prime factors of 3869650.
2, 5, 193, 401
List the prime factors of 173166.
2, 3, 7, 19, 31
What are the prime factors of 4801369?
4801369
What are the prime factors of 1418178?
2, 3, 47, 107
List the prime factors of 9194486.
2, 7, 656749
What are the prime factors of 1013512?
2, 151, 839
List the prime factors of 1016182.
2, 508091
What are the prime factors of 1338456?
2, 3, 7, 31, 257
What are the prime factors of 855398?
2, 83, 5153
What are the prime factors of 6629872?
2, 414367
What are the prime factors of 219138?
2, 3, 36523
What are the prime factors of 8363775?
3, 5, 7, 89, 179
List the prime factors of 2483956.
2, 563, 1103
List the prime factors of 927541.
927541
List the prime factors of 1685862.
2, 3, 73, 1283
What are the prime factors of 544123?
544123
What are the prime factors of 2780340?
2, 3, 5, 149, 311
List the prime factors of 1756882.
2, 17, 51673
List the prime factors of 1745467.
1745467
What are the prime factors of 224943?
3, 97, 773
What are the prime factors of 160037?
19, 8423
List the prime factors of 1781622.
2, 3, 32993
List the prime factors of 2249032.
2, 17, 23, 719
List the prime factors of 4896159.
3, 67, 24359
List the prime factors of 19262645.
5, 883, 4363
What are the prime factors of 21455970?
2, 3, 5, 47, 15217
What are the prime factors of 557590?
2, 5, 11, 37, 137
List the prime factors of 270886.
2, 7, 11, 1759
List the prime factors of 3443352.
2, 3, 11, 13043
What are the prime factors of 4143471?
3, 79, 17483
What are the prime factors of 1845742?
2, 113, 8167
What are the prime factors of 3381776?
2, 17, 12433
List the prime factors of 1657973.
31, 79, 677
List the prime factors of 425329.
425329
List the prime factors of 14806119.
3, 317, 15569
List the prime factors of 636141.
3, 11, 37, 521
List the prime factors of 171742.
2, 43, 1997
What are the prime factors of 285429?
3, 95143
What are the prime factors of 1073685?
3, 5, 31, 2309
List the prime factors of 1999833.
3, 11, 60601
What are the prime factors of 2599668?
2, 3, 24071
List the prime factors of 6112357.
19, 389, 827
List the prime factors of 562667.
7, 11483
List the prime factors of 409205.
5, 223, 367
What are the prime factors of 310904?
2, 11, 3533
What are the prime factors of 7548504?
2, 3, 409, 769
List the prime factors of 190234.
2, 11, 8647
List the prime factors of 6462892.
2, 1615723
What are the prime factors of 228512?
2, 37, 193
List the prime factors of 414848.
2, 7, 463
What are the prime factors of 119485?
5, 23, 1039
What are the prime factors of 3344067?
3, 43, 8641
What are the prime factors of 186586?
2, 29, 3217
What are the prime factors of 8352215?
5, 557, 2999
What are the prime factors of 1102928?
2, 29, 2377
List the prime factors of 423024.
2, 3, 7, 1259
What are the prime factors of 228678?
2, 3, 38113
What are the prime factors of 3099509?
7, 47, 9421
What are the prime factors of 560088?
2, 3, 2593
What are the prime factors of 6789154?
2, 17, 233, 857
What are the prime factors of 3692074?
2, 1846037
List the prime factors of 418054.
2, 7, 13, 2297
List the prime factors of 3679871.
13, 17, 16651
What are the prime factors of 95047?
17, 5591
List the prime factors of 375204.
2, 3, 31267
List the prime factors of 9332020.
2, 5, 23, 20287
List the prime factors of 6176350.
2, 5, 123527
List the prime factors of 126218.
2, 223, 283
What are the prime factors of 4106159?
233, 17623
What are the prime factors of 2185054?
2, 41, 26647
List the prime factors of 421218.
2, 3, 7, 3343
List the prime factors of 6202868.
2, 7, 29, 7639
List the prime factors of 3233929.
47, 83, 829
What are the prime factors of 590451?
3, 196817
List the prime factors of 19255733.
7, 67, 41057
What are the prime factors of 211675?
5, 8467
What are the prime factors of 1699941?
3, 149, 3803
List the prime factors of 726492.
2, 3, 13, 4657
List the prime factors of 12913771.
13, 993367
List the prime factors of 2394467.
17, 83, 1697
What are the prime factors of 28886251?
19, 1520329
List the prime factors of 358712.
2, 44839
List the prime factors of 171782.
2, 13, 6607
List the prime factors of 22970343.
3, 11, 61, 11411
What are the prime factors of 11988?
2, 3, 37
List the prime factors of 34455.
3, 5, 2297
What are the prime factors of 2272416?
2, 3, 23671
List the prime factors of 1722812.
2, 7, 13, 4733
What are the prime factors of 793395?
3, 5, 653
What are the prime factors of 885614?
2, 442807
List the prime factors of 287744.
2, 281
List the prime factors of 571360.
2, 5, 3571
List the prime factors of 364457.
281, 1297
What are the prime factors of 299234?
2, 13, 17, 677
List the prime factors of 11401150.
2, 5, 228023
What are the prime factors of 11280567?
3, 1637, 2297
List the prime factors of 2868208.
2, 7, 25609
List the prime factors of 3446143.
37, 93139
List the prime factors of 2135105.
5, 7, 53, 1151
What are the prime factors of 2769221?
7, 13, 30431
List the prime factors of 14041531.
7, 269, 7457
What are the prime factors of 353433?
3, 117811
List the prime factors of 15039.
3, 557
List the prime factors of 5018812.
2, 19, 66037
What are the prime factors of 14230788?
2, 3, 11, 13, 8293
What are the prime factors of 631438?
2, 239, 1321
What are the prime factors of 3619362?
2, 3, 603227
List the prime factors of 3955132.
2, 988783
List the prime factors of 2509398.
2, 3, 109, 1279
What are the prime factors of 900345?
3, 5, 193, 311
What are the prime factors of 2302158?
2, 3, 383693
What are the prime factors of 6969553?
53, 131501
What are the prime factors of 2157902?
2, 1078951
What are the prime factors of 191305?
5, 38261
List the prime factors of 1622163.
3, 19, 149, 191
What are the prime factors of 296278?
2, 148139
List the prime factors of 329096.
2, 31, 1327
List the prime factors of 779468.
2, 194867
List the prime factors of 63472.
2, 3967
What are the prime factors of 188420?
2, 5, 9421
List the prime factors of 1999153.
13, 61, 2521
List the prime factors of 254057.
239, 1063
What are the prime factors of 671308?
2, 11, 19, 73
What are the prime factors of 1280726?
2, 640363
What are the prime factors of 24640312?
2, 3080039
What are the prime factors of 4142459?
587, 7057
List the prime factors of 4679227.
7, 73, 9157
What are the prime factors of 35740969?
11, 3249179
What are the prime factors of 5576062?
2, 29, 127, 757
List the prime factors of 413702.
2, 61, 3391
List the prime factors of 21235146.
2, 3, 263, 13457
What are the prime factors of 1390401?
3, 19, 47, 173
What are the prime factors of 18971471?
43, 283, 1559
List the prime factors of 13699.
7, 19, 103
What are the prime factors of 25291729?
25291729
What are the prime factors of 64713?
3, 11, 37, 53
List the prime factors of 4972887.
3, 184181
List the prime factors of 14556145.
5, 43, 79, 857
What are the prime factors of 5048311?
1187, 4253
List the prime factors of 99718.
2, 73, 683
What are the prime factors of 224789?
19, 11831
List the prime factors of 625922.
2, 11, 23, 1237
List the prime factors of 6693706.
2, 31, 107, 1009
What are the prime factors of 345144?
2, 3, 73, 197
List the prime factors of 15389.
11, 1399
List the prime factors of 1067282.
2, 533641
List the prime factors of 286029.
3, 61, 521
What are the prime factors of 5350055?
5, 1070011
What are the prime factors of 95692?
2, 47, 509
What are the prime factors of 3018751?
223, 13537
List the prime factors of 4862243.
4862243
List the prime factors of 969373.
383, 2531
List the prime factors of 6124696.
2, 765587
What are the prime factors of 1483699?
7, 79, 2683
List the prime factors of 604290.
2, 3, 5, 20143
What are the prime f